?
7
Let v be (-5 - 1)*17/(-102). What is the remainder when (93/(-2))/(((-27)/36)/v) is divided by 25?
12
Suppose r - 14 = -5*p, -125*r - 42 = -130*r + 3*p. What is the remainder when 2116 is divided by r?
1
Suppose -n = 2*v - 113, -n + 2*v = -5*n + 446. Calculate the remainder when n is divided by (5 + 310/(-60))/((-1)/138).
19
Let v = 559 - 186. Let a(d) = -62*d + 178. Calculate the remainder when v is divided by a(2).
49
Let a(r) = -12*r + 1. Suppose -3*v + c = -248, 202 = 2*v - 22*c + 25*c. Calculate the remainder when v is divided by a(-2).
11
Let m(n) = -2*n**2 - 107*n + 583. What is the remainder when m(-42) is divided by 1538?
11
Suppose 1080 = -0*n - 10*n. What is the remainder when (-4 - n/24)/(1/54) is divided by (1 + -2)/1 + 15?
13
Suppose -4*w + 2*b = -2276, 3 = 4*b - 5. What is the remainder when (-2 - (-21)/14) + w/4 is divided by 36?
34
Suppose -1613 = -48*q + 1027. Calculate the remainder when 647 is divided by q.
42
Let d(p) = 40*p**3 - 2*p**2 + 2*p - 1. Let g be 4 - -15*5/15. What is the remainder when d(1) is divided by (-2)/3 - (-141)/g?
9
Let i = 9 + -17. Let g(l) = -l**3 - 7*l**2 + 10*l + 30. What is the remainder when 125 is divided by g(i)?
13
Let g = 880 + -722. Calculate the remainder when 3314 is divided by g.
154
Suppose -5*c + 9 = -11. Suppose c*k - 37 = 27. Calculate the remainder when k is divided by (-1456)/(-1274) - 6/(-7).
0
Calculate the remainder when -6 - (13 - 10695/30)/(3/4) is divided by 46.
38
Suppose 3*z - y = 394, 3*z - 5*y = z + 254. Let k(c) = -c**3 - 171*c**2 + 2*c + 376. What is the remainder when z is divided by k(-171)?
30
Let z = 191 + -192. What is the remainder when 71 is divided by (279/62)/(z/(-2))?
8
Let j(l) = -l + 21 - l**3 + 8*l**2 - 5 - 8. Let g be j(8). Suppose g = -5*q - 63 + 513. What is the remainder when q is divided by 23?
21
Suppose v = 2*v - 12. Suppose 5*n - 4 = -4*p + 68, -5*p + 989 - 974 = 0. Calculate the remainder when n is divided by v.
0
Let a be 0/((-7)/(-28)*4). Suppose -127 + 32 = -4*r + 3*u, a = -u + 3. What is the remainder when 46 is divided by r?
20
Let f(u) = 3*u**2 - 3*u + 1. Let z = -75 - -54. Let b be 0 + ((-20)/6 - 7/z). Calculate the remainder when f(b) is divided by 8.
5
Let c = 458 - 454. Suppose -2*l + 40 = 5*k, 20 = c*k + 5*l - l. Calculate the remainder when 77 is divided by k.
7
Suppose 411 = 26*h - 447. Suppose -4*s = -3*g + 111, -5*s + h + 84 = 4*g. Calculate the remainder when g is divided by 7.
5
Let o be (-28 + 1)*(-10 - 2)/3. Suppose 0*p - 9*p = -o. What is the remainder when 334 is divided by p?
10
Suppose 0*x = -5*x. Suppose x = -k + 1 + 4. Suppose -k*y + 7*y - 38 = 0. What is the remainder when 51 is divided by y?
13
Let f(a) = a**2 + 20*a + 182. What is the remainder when 530 is divided by f(-12)?
14
Let r = 774 - 175. Calculate the remainder when r is divided by 75/(-175) - (-216)/14.
14
Let y = 961 + -498. Calculate the remainder when y is divided by 64.
15
Let s(v) = -v**2 + 1. Let w(t) = -9*t**2 + 3*t + 26. Let p(l) = 5*s(l) - w(l). Calculate the remainder when 116 is divided by p(4).
23
Suppose -164*k - 42 = -178*k. Let u(h) be the second derivative of 3*h**3/2 - 8*h**2 + h. What is the remainder when 27 is divided by u(k)?
5
Suppose 2*u - 4575 = -5*d, 5*u + 576 = -4*d + 4236. Calculate the remainder when d is divided by 17.
14
Let a = 4149 + -4130. What is the remainder when 11549 is divided by a?
16
Let x(i) = -121*i + 1. Let y = 21 + -22. Let t be x(y). Suppose t = -0*z + z. What is the remainder when z is divided by 25?
22
Let q(x) = -x**3 + 20*x**2 - 25*x - 39. Let d be q(19). Let t = -130 - d. What is the remainder when 66 is divided by t?
20
What is the remainder when 52 is divided by (0 - 0) + ((-140)/(-35) - -16)?
12
Suppose -5*o + 5*p - 7 = -52, 3*p - 21 = -3*o. Suppose -12*b - 2432 = -o*b. What is the remainder when 128 is divided by 4/18 - (b/18 + 1)?
29
Suppose 0 = 5*g + 5*f - 39850, 0 = 28*g - 24*g - f - 31855. Calculate the remainder when g is divided by 249.
246
Suppose -4*j - 2*c = -4*c - 204, c - 216 = -4*j. Suppose 0 = -0*t - 6*t + 24. Suppose -t*r = 8 - 64. What is the remainder when j is divided by r?
11
Calculate the remainder when ((-95)/(-2))/((6 - -11)/34) is divided by 36.
23
Let s(w) = -w**3 + 7*w**2 - 7. Let b(i) = -6*i - 6 - 10*i**2 + 2*i + 11*i**2 + i. Let j be b(5). Calculate the remainder when 161 is divided by s(j).
38
Suppose 4 - 22 = -6*o. Suppose 9*u - o*u = 246. Let m = u + 2. What is the remainder when m is divided by 23?
20
Suppose -7 = -0*s + 4*s - 3*q, -s = -2*q + 3. Calculate the remainder when ((-9)/(-27))/(s/(-246)) is divided by 22.
16
Let p(a) = -25*a + 1282. What is the remainder when 84 is divided by p(50)?
20
Suppose -3*d = -3*w + 1374, 1867 = 4*w + 19*d - 16*d. What is the remainder when w is divided by 12?
7
What is the remainder when (6 - (-12652)/20) + 224/160 is divided by 91?
3
Let d(g) = g**3 + 10*g**2 - g. Let p be d(-9). Let x = -119 + p. Calculate the remainder when (x - 1)*(-104)/78 is divided by 7.
5
Suppose 0 = -2*d + 4*g + 590, -3*g - 867 = -5*d + 2*d. What is the remainder when d is divided by 26?
23
Let g(o) = -o**2 + 11*o + 33. Let k be g(23). Let v = -217 - k. Suppose 3*m + 42 = 3*z, 45 = 4*z - 5*m - 10. Calculate the remainder when v is divided by z.
11
Let h be -24 + 24 - (-74)/2. Suppose 4*j - 29 + h = 0. Let n(a) = -24*a - 4. Calculate the remainder when 218 is divided by n(j).
42
Let i be -3 + (-7)/(35/(-260)). Suppose 5*z + 9 = -k + 46, -k + z = -i. Suppose d - k = 17. What is the remainder when d is divided by 13?
12
Let u(c) = 908*c - 169. What is the remainder when u(6) is divided by 40?
39
Let r = -1 + 5. Suppose -r*n + 112 = 3*m, -4*m + 5 = -11. Suppose 11396 = -2*l + 120*l + 36*l. Calculate the remainder when l is divided by n.
24
Let s = 31756 - 31125. Calculate the remainder when s is divided by 8.
7
Suppose -5 = k - 23. Let g = -239 - -242. Suppose y = -25*i + 22*i + 51, 3*i = g. Calculate the remainder when y is divided by k.
12
Suppose -3*q + 5 = 125. Let a be -6*210/q*4/6. Suppose -22*d + 23 = -a*d. Calculate the remainder when 114 is divided by d.
22
Suppose 7*t - 3 - 32 = 7. Calculate the remainder when 13966 is divided by t.
4
Let c(z) = z**2 + 6*z - 19. Let h be c(-8). Let v(f) = f**3 + 6*f**2 - 2*f + 1. Calculate the remainder when v(h) is divided by 93/5 + 12/(-20).
16
Suppose 5*u = 3*t - 103, 160 = -295*t + 299*t - u. Calculate the remainder when t is divided by 33.
8
Let s = -19050 - -19403. What is the remainder when s is divided by 94?
71
Suppose -5*c + 14792*m - 14791*m = -3078, -4*m = -5*c + 3087. Let s(k) = k**2 - k + 22. What is the remainder when c is divided by s(0)?
21
Suppose 26*k = 27*k + 4*p - 88, 0 = -5*k + 3*p + 348. Calculate the remainder when 1076 is divided by k.
68
Suppose 36670 - 11450 = 26*o. Calculate the remainder when o is divided by 322.
4
Let h(c) = -101*c - 3261. What is the remainder when 851 is divided by h(-34)?
159
Suppose -2934*s + 2880*s + 648 = 0. Suppose -52 = -4*g + 2*x + 2*x, 2*g + x = 35. Calculate the remainder when g is divided by s.
4
Suppose 5*j - 87 = 291*m - 294*m, -7*j + 201 = -3*m. Let d(v) = v**2 + v + 4. What is the remainder when j is divided by d(3)?
8
Suppose -q = -4*q - 9. Suppose 145*p = 144*p - 4. Calculate the remainder when (539/4 - p) + q/(-12) is divided by 28.
27
Suppose 1539 = -148*b + 167*b. What is the remainder when 269 is divided by b?
26
Suppose o = -782 + 781, 4*w + 2*o - 3282 = 0. Calculate the remainder when w is divided by 69.
62
Let n(d) be the first derivative of d**4/4 - d**3/3 + d**2/2 + 162*d - 4. Let b be n(0). Suppose 0*s + b = 2*s. Calculate the remainder when s is divided by 21.
18
Let b = 145 + 87. Calculate the remainder when 471 is divided by b.
7
Suppose 21*a = 8 + 8 + 26. Let l(c) = -5*c + 10. Let d(y) = 6*y - 10. Let x(q) = 4*d(q) + 5*l(q). What is the remainder when a is divided by x(8)?
0
Suppose -2812 = -8*r - 1968 + 3204. What is the remainder when r is divided by 129?
119
Let r(d) = -d**3 + 15*d**2 - 16*d - 10. Let z be r(10). Suppose -18*y - z = -21*y. Calculate the remainder when y is divided by 36.
2
Let g(u) be the second derivative of -u**5/20 - u**4/12 + 5*u**3/6 - 5*u**2/2 - 17*u. What is the remainder when g(-5) is divided by (-12)/42 + (-195)/(